{"id":1856,"date":"2016-09-26T05:34:13","date_gmt":"2016-09-26T05:34:13","guid":{"rendered":"https:\/\/theme.getpojo.com\/berlin\/?page_id=1856"},"modified":"2019-08-19T10:44:12","modified_gmt":"2019-08-19T08:44:12","slug":"home-page-3","status":"publish","type":"page","link":"http:\/\/221070.w70.wedos.ws\/","title":{"rendered":"HOME"},"content":{"rendered":"\t\t<div data-elementor-type=\"wp-post\" data-elementor-id=\"1856\" class=\"elementor elementor-1856\">\n\t\t\t\t\t\t<section class=\"elementor-section elementor-top-section elementor-element elementor-element-vqozaty elementor-section-boxed elementor-section-height-default elementor-section-height-default\" data-id=\"vqozaty\" data-element_type=\"section\" data-settings=\"{&quot;background_background&quot;:&quot;classic&quot;}\">\n\t\t\t\t\t\t\t<div class=\"elementor-background-overlay\"><\/div>\n\t\t\t\t\t\t\t<div class=\"elementor-container elementor-column-gap-default\">\n\t\t\t\t\t<div class=\"elementor-column elementor-col-100 elementor-top-column elementor-element elementor-element-wvestgy\" data-id=\"wvestgy\" data-element_type=\"column\">\n\t\t\t<div class=\"elementor-widget-wrap elementor-element-populated\">\n\t\t\t\t\t\t<div class=\"elementor-element elementor-element-pmgoywk elementor-widget elementor-widget-heading\" data-id=\"pmgoywk\" data-element_type=\"widget\" data-widget_type=\"heading.default\">\n\t\t\t\t<div class=\"elementor-widget-container\">\n\t\t\t\t\t<h2 class=\"elementor-heading-title elementor-size-default\">MOTO<br>TR\u00c1VN\u00cd\u010cEK <\/h2>\t\t\t\t<\/div>\n\t\t\t\t<\/div>\n\t\t\t\t<div class=\"elementor-element elementor-element-pkwdjfg elementor-widget elementor-widget-text-editor\" data-id=\"pkwdjfg\" data-element_type=\"widget\" data-widget_type=\"text-editor.default\">\n\t\t\t\t<div class=\"elementor-widget-container\">\n\t\t\t\t\t\t\t\t\t<p>\u22c5 porad\u00edme \u22c5 prod\u00e1me \u22c5 namontujeme<\/p><p>\u00a0<\/p>\t\t\t\t\t\t\t\t<\/div>\n\t\t\t\t<\/div>\n\t\t\t\t<div class=\"elementor-element elementor-element-mlmiwhw elementor-align-center elementor-widget elementor-widget-button\" data-id=\"mlmiwhw\" data-element_type=\"widget\" data-widget_type=\"button.default\">\n\t\t\t\t<div class=\"elementor-widget-container\">\n\t\t\t\t\t\t\t\t\t<div class=\"elementor-button-wrapper\">\n\t\t\t\t\t<a class=\"elementor-button elementor-button-link elementor-size-sm\" href=\"#\">\n\t\t\t\t\t\t<span class=\"elementor-button-content-wrapper\">\n\t\t\t\t\t\t<span class=\"elementor-button-icon\">\n\t\t\t\t\t\t\t\t\t<i class=\"fa fa-eercast\" aria-hidden=\"true\"><\/i>\n\t\t\t\t\t\t\t<\/span>\n\t\t\t\t\t\t\t\t\t<span class=\"elementor-button-text\">zobrazit menu<\/span>\n\t\t\t\t\t<\/span>\n\t\t\t\t\t<\/a>\n\t\t\t\t<\/div>\n\t\t\t\t\t\t\t\t<\/div>\n\t\t\t\t<\/div>\n\t\t\t\t\t<\/div>\n\t\t<\/div>\n\t\t\t\t\t<\/div>\n\t\t<\/section>\n\t\t\t\t<section class=\"elementor-section elementor-top-section elementor-element elementor-element-l07y6lm elementor-section-full_width elementor-section-height-min-height elementor-section-items-stretch elementor-section-content-middle elementor-section-height-default\" data-id=\"l07y6lm\" data-element_type=\"section\" data-settings=\"{&quot;background_background&quot;:&quot;classic&quot;}\">\n\t\t\t\t\t\t<div class=\"elementor-container elementor-column-gap-no\">\n\t\t\t\t\t<div class=\"elementor-column elementor-col-50 elementor-top-column elementor-element elementor-element-u4wxoq4\" data-id=\"u4wxoq4\" data-element_type=\"column\" data-settings=\"{&quot;background_background&quot;:&quot;classic&quot;}\">\n\t\t\t<div class=\"elementor-widget-wrap elementor-element-populated\">\n\t\t\t\t\t\t<div class=\"elementor-element elementor-element-qelzmpi elementor-widget elementor-widget-spacer\" data-id=\"qelzmpi\" data-element_type=\"widget\" data-widget_type=\"spacer.default\">\n\t\t\t\t<div class=\"elementor-widget-container\">\n\t\t\t\t\t\t\t<div class=\"elementor-spacer\">\n\t\t\t<div class=\"elementor-spacer-inner\"><\/div>\n\t\t<\/div>\n\t\t\t\t\t\t<\/div>\n\t\t\t\t<\/div>\n\t\t\t\t\t<\/div>\n\t\t<\/div>\n\t\t\t\t<div class=\"elementor-column elementor-col-50 elementor-top-column elementor-element elementor-element-j8nxgxx\" data-id=\"j8nxgxx\" data-element_type=\"column\" data-settings=\"{&quot;background_background&quot;:&quot;classic&quot;}\">\n\t\t\t<div class=\"elementor-widget-wrap elementor-element-populated\">\n\t\t\t\t\t\t<div class=\"elementor-element elementor-element-57hjeeb elementor-widget elementor-widget-heading\" data-id=\"57hjeeb\" data-element_type=\"widget\" data-widget_type=\"heading.default\">\n\t\t\t\t<div class=\"elementor-widget-container\">\n\t\t\t\t\t<h2 class=\"elementor-heading-title elementor-size-default\">Otev\u00edrac\u00ed Doba<\/h2>\t\t\t\t<\/div>\n\t\t\t\t<\/div>\n\t\t\t\t<div class=\"elementor-element elementor-element-fjl1cja elementor-widget-divider--view-line elementor-widget elementor-widget-divider\" data-id=\"fjl1cja\" data-element_type=\"widget\" data-widget_type=\"divider.default\">\n\t\t\t\t<div class=\"elementor-widget-container\">\n\t\t\t\t\t\t\t<div class=\"elementor-divider\">\n\t\t\t<span class=\"elementor-divider-separator\">\n\t\t\t\t\t\t<\/span>\n\t\t<\/div>\n\t\t\t\t\t\t<\/div>\n\t\t\t\t<\/div>\n\t\t\t\t<div class=\"elementor-element elementor-element-4sm3yur elementor-widget elementor-widget-text-editor\" data-id=\"4sm3yur\" data-element_type=\"widget\" data-widget_type=\"text-editor.default\">\n\t\t\t\t<div class=\"elementor-widget-container\">\n\t\t\t\t\t\t\t\t\t<p>Pond\u011bl\u00ed &#8211; P\u00e1tek\u00a0 9:00 &#8211; 17:00 hod.\u00a0<\/p>\t\t\t\t\t\t\t\t<\/div>\n\t\t\t\t<\/div>\n\t\t\t\t<div class=\"elementor-element elementor-element-xlers9x elementor-mobile-align-center elementor-icon-list--layout-traditional elementor-list-item-link-full_width elementor-widget elementor-widget-icon-list\" data-id=\"xlers9x\" data-element_type=\"widget\" data-widget_type=\"icon-list.default\">\n\t\t\t\t<div class=\"elementor-widget-container\">\n\t\t\t\t\t\t\t<ul class=\"elementor-icon-list-items\">\n\t\t\t\t\t\t\t<li class=\"elementor-icon-list-item\">\n\t\t\t\t\t\t\t\t\t\t<span class=\"elementor-icon-list-text\"><\/span>\n\t\t\t\t\t\t\t\t\t<\/li>\n\t\t\t\t\t\t<\/ul>\n\t\t\t\t\t\t<\/div>\n\t\t\t\t<\/div>\n\t\t\t\t\t<\/div>\n\t\t<\/div>\n\t\t\t\t\t<\/div>\n\t\t<\/section>\n\t\t\t\t<section class=\"elementor-section elementor-top-section elementor-element elementor-element-f7h9c4m elementor-section-full_width elementor-section-height-min-height elementor-section-items-stretch elementor-section-content-middle elementor-reverse-mobile elementor-section-height-default\" data-id=\"f7h9c4m\" data-element_type=\"section\" data-settings=\"{&quot;background_background&quot;:&quot;classic&quot;}\">\n\t\t\t\t\t\t<div class=\"elementor-container elementor-column-gap-no\">\n\t\t\t\t\t<div class=\"elementor-column elementor-col-50 elementor-top-column elementor-element elementor-element-9lffiah\" data-id=\"9lffiah\" data-element_type=\"column\" data-settings=\"{&quot;background_background&quot;:&quot;classic&quot;}\">\n\t\t\t<div class=\"elementor-widget-wrap elementor-element-populated\">\n\t\t\t\t\t\t<div class=\"elementor-element elementor-element-wfyh0ox elementor-widget elementor-widget-heading\" data-id=\"wfyh0ox\" data-element_type=\"widget\" data-widget_type=\"heading.default\">\n\t\t\t\t<div class=\"elementor-widget-container\">\n\t\t\t\t\t<h2 class=\"elementor-heading-title elementor-size-default\">na\u0161e d\u00edlna<\/h2>\t\t\t\t<\/div>\n\t\t\t\t<\/div>\n\t\t\t\t<div class=\"elementor-element elementor-element-2d5zsu4 elementor-widget-divider--view-line elementor-widget elementor-widget-divider\" data-id=\"2d5zsu4\" data-element_type=\"widget\" data-widget_type=\"divider.default\">\n\t\t\t\t<div class=\"elementor-widget-container\">\n\t\t\t\t\t\t\t<div class=\"elementor-divider\">\n\t\t\t<span class=\"elementor-divider-separator\">\n\t\t\t\t\t\t<\/span>\n\t\t<\/div>\n\t\t\t\t\t\t<\/div>\n\t\t\t\t<\/div>\n\t\t\t\t<div class=\"elementor-element elementor-element-3400416 elementor-widget elementor-widget-text-editor\" data-id=\"3400416\" data-element_type=\"widget\" data-widget_type=\"text-editor.default\">\n\t\t\t\t<div class=\"elementor-widget-container\">\n\t\t\t\t\t\t\t\t\t<p>Zaji\u0161\u0165ujeme:<\/p><ul><li>GO motor\u016f (v\u00fdbrusy, opravy v\u00e1lc\u016f a klikov\u00fdch h\u0159\u00eddel\u016f atp.)<\/li><li>ve\u0161ker\u00e9 mechanick\u00e9 pr\u00e1ce na podvozku<\/li><li>\u00a0se\u0159\u00edzen\u00ed karbur\u00e1tor\u016f + podtlak\u016f karbur\u00e1toru<\/li><li>p\u0159ezut\u00ed a vyv\u00e1\u017een\u00ed pneu<\/li><li>opravu plast\u016f<\/li><li>opravy motocyklov\u00fdch sedadel<\/li><li>repase p\u00e9rov\u00e1n\u00ed<\/li><li>p\u0159\u00edprava ter\u00e9nn\u00edch speci\u00e1l\u016f pro z\u00e1vody<\/li><li>opravy elektroinstalace<\/li><li>mont\u00e1\u017e ukazatel\u016f za\u0159azen\u00e9 rychlosti a jin\u00fdch elektronick\u00fdch dopl\u0148k\u016f<\/li><li>renovace motocykl\u016f<\/li><li>p\u0159estavby motocykl\u016f na caferacer, scrambler apod.<\/li><li>tuning sk\u016ftr\u016f<\/li><li>poradenstv\u00ed<\/li><li>odvoz motocyklu<\/li><\/ul>\t\t\t\t\t\t\t\t<\/div>\n\t\t\t\t<\/div>\n\t\t\t\t\t<\/div>\n\t\t<\/div>\n\t\t\t\t<div class=\"elementor-column elementor-col-50 elementor-top-column elementor-element elementor-element-x5mxbnd\" data-id=\"x5mxbnd\" data-element_type=\"column\" data-settings=\"{&quot;background_background&quot;:&quot;classic&quot;}\">\n\t\t\t<div class=\"elementor-widget-wrap elementor-element-populated\">\n\t\t\t\t\t\t<div class=\"elementor-element elementor-element-k3jpjgp elementor-widget elementor-widget-spacer\" data-id=\"k3jpjgp\" data-element_type=\"widget\" data-widget_type=\"spacer.default\">\n\t\t\t\t<div class=\"elementor-widget-container\">\n\t\t\t\t\t\t\t<div class=\"elementor-spacer\">\n\t\t\t<div class=\"elementor-spacer-inner\"><\/div>\n\t\t<\/div>\n\t\t\t\t\t\t<\/div>\n\t\t\t\t<\/div>\n\t\t\t\t\t<\/div>\n\t\t<\/div>\n\t\t\t\t\t<\/div>\n\t\t<\/section>\n\t\t\t\t<section class=\"elementor-section elementor-top-section elementor-element elementor-element-vyyshgj elementor-section-boxed elementor-section-height-default elementor-section-height-default\" data-id=\"vyyshgj\" data-element_type=\"section\" data-settings=\"{&quot;background_background&quot;:&quot;classic&quot;}\">\n\t\t\t\t\t\t<div class=\"elementor-container elementor-column-gap-default\">\n\t\t\t\t\t<div class=\"elementor-column elementor-col-100 elementor-top-column elementor-element elementor-element-vglasez\" data-id=\"vglasez\" data-element_type=\"column\">\n\t\t\t<div class=\"elementor-widget-wrap elementor-element-populated\">\n\t\t\t\t\t\t\t<\/div>\n\t\t<\/div>\n\t\t\t\t\t<\/div>\n\t\t<\/section>\n\t\t\t\t<\/div>\n\t\t","protected":false},"excerpt":{"rendered":"<p>MOTOTR\u00c1VN\u00cd\u010cEK \u22c5 porad\u00edme \u22c5 prod\u00e1me \u22c5 namontujeme \u00a0 zobrazit menu Otev\u00edrac\u00ed Doba Pond\u011bl\u00ed &#8211; P\u00e1tek\u00a0 9:00 &#8211; 17:00 hod.\u00a0 na\u0161e d\u00edlna Zaji\u0161\u0165ujeme: GO motor\u016f (v\u00fdbrusy, opravy v\u00e1lc\u016f a klikov\u00fdch h\u0159\u00eddel\u016f atp.) ve\u0161ker\u00e9 mechanick\u00e9 pr\u00e1ce na podvozku \u00a0se\u0159\u00edzen\u00ed karbur\u00e1tor\u016f + podtlak\u016f karbur\u00e1toru p\u0159ezut\u00ed a vyv\u00e1\u017een\u00ed pneu opravu plast\u016f opravy motocyklov\u00fdch sedadel repase p\u00e9rov\u00e1n\u00ed p\u0159\u00edprava ter\u00e9nn\u00edch speci\u00e1l\u016f [&hellip;]<\/p>\n","protected":false},"author":1,"featured_media":2089,"parent":0,"menu_order":0,"comment_status":"closed","ping_status":"closed","template":"","meta":{"footnotes":""},"class_list":["post-1856","page","type-page","status-publish","has-post-thumbnail","hentry"],"_links":{"self":[{"href":"http:\/\/221070.w70.wedos.ws\/index.php?rest_route=\/wp\/v2\/pages\/1856","targetHints":{"allow":["GET"]}}],"collection":[{"href":"http:\/\/221070.w70.wedos.ws\/index.php?rest_route=\/wp\/v2\/pages"}],"about":[{"href":"http:\/\/221070.w70.wedos.ws\/index.php?rest_route=\/wp\/v2\/types\/page"}],"author":[{"embeddable":true,"href":"http:\/\/221070.w70.wedos.ws\/index.php?rest_route=\/wp\/v2\/users\/1"}],"replies":[{"embeddable":true,"href":"http:\/\/221070.w70.wedos.ws\/index.php?rest_route=%2Fwp%2Fv2%2Fcomments&post=1856"}],"version-history":[{"count":19,"href":"http:\/\/221070.w70.wedos.ws\/index.php?rest_route=\/wp\/v2\/pages\/1856\/revisions"}],"predecessor-version":[{"id":2279,"href":"http:\/\/221070.w70.wedos.ws\/index.php?rest_route=\/wp\/v2\/pages\/1856\/revisions\/2279"}],"wp:featuredmedia":[{"embeddable":true,"href":"http:\/\/221070.w70.wedos.ws\/index.php?rest_route=\/wp\/v2\/media\/2089"}],"wp:attachment":[{"href":"http:\/\/221070.w70.wedos.ws\/index.php?rest_route=%2Fwp%2Fv2%2Fmedia&parent=1856"}],"curies":[{"name":"wp","href":"https:\/\/api.w.org\/{rel}","templated":true}]}}